{"id":2,"date":"2014-01-10T13:38:24","date_gmt":"2014-01-10T13:38:24","guid":{"rendered":"http:\/\/at-irrgang.de\/?page_id=2"},"modified":"2017-08-17T13:27:37","modified_gmt":"2017-08-17T13:27:37","slug":"sample-page","status":"publish","type":"page","link":"https:\/\/at-irrgang.de\/","title":{"rendered":"Startseite"},"content":{"rendered":"<p style=\"text-align: center;\">Herzlich Willkommen bei der Firma Automatisierungstechnik Irrgang.<\/p>\n<p style=\"text-align: center;\">Die Firma Automatisierungstechnik Irrgang wurde Anfang 2014 gegr\u00fcndet.<\/p>\n<p style=\"text-align: center;\">Wir haben seitdem verschiedenste Projekte im Bereich der Wasserver- und -entsorgung,<br \/>\nHeizung, L\u00fcftung, Klima, Sondermaschinenbau und Transport und F\u00f6rdersysteme<br \/>\nerfolgreich abgewickelt.<\/p>\n","protected":false},"excerpt":{"rendered":"<p>Herzlich Willkommen bei der Firma Automatisierungstechnik Irrgang. Die Firma Automatisierungstechnik Irrgang wurde Anfang 2014 gegr\u00fcndet. Wir haben seitdem verschiedenste Projekte im Bereich der Wasserver- und -entsorgung, Heizung, L\u00fcftung, Klima, Sondermaschinenbau und Transport und F\u00f6rdersysteme erfolgreich abgewickelt.<\/p>\n","protected":false},"author":1,"featured_media":0,"parent":0,"menu_order":0,"comment_status":"closed","ping_status":"closed","template":"","meta":{"_monsterinsights_skip_tracking":false,"_monsterinsights_sitenote_active":false,"_monsterinsights_sitenote_note":"","_monsterinsights_sitenote_category":0,"footnotes":""},"class_list":["post-2","page","type-page","status-publish"],"_links":{"self":[{"href":"https:\/\/at-irrgang.de\/index.php?rest_route=\/wp\/v2\/pages\/2","targetHints":{"allow":["GET"]}}],"collection":[{"href":"https:\/\/at-irrgang.de\/index.php?rest_route=\/wp\/v2\/pages"}],"about":[{"href":"https:\/\/at-irrgang.de\/index.php?rest_route=\/wp\/v2\/types\/page"}],"author":[{"embeddable":true,"href":"https:\/\/at-irrgang.de\/index.php?rest_route=\/wp\/v2\/users\/1"}],"replies":[{"embeddable":true,"href":"https:\/\/at-irrgang.de\/index.php?rest_route=%2Fwp%2Fv2%2Fcomments&post=2"}],"version-history":[{"count":6,"href":"https:\/\/at-irrgang.de\/index.php?rest_route=\/wp\/v2\/pages\/2\/revisions"}],"predecessor-version":[{"id":44,"href":"https:\/\/at-irrgang.de\/index.php?rest_route=\/wp\/v2\/pages\/2\/revisions\/44"}],"wp:attachment":[{"href":"https:\/\/at-irrgang.de\/index.php?rest_route=%2Fwp%2Fv2%2Fmedia&parent=2"}],"curies":[{"name":"wp","href":"https:\/\/api.w.org\/{rel}","templated":true}]}}